 + 1245 = -n. Let a = w - 202. List the prime factors of a.
2, 11
Suppose 5*b - 8503 = -a, -25*b = -4*a - 27*b + 33994. What are the prime factors of a?
2, 7, 607
Let z(f) = 2*f - 4. Let q be z(4). Suppose q*p = 8*p. Suppose g - 123 = -4*o, p = 3*g - 2*o - 458 + 159. List the prime factors of g.
103
Suppose 474*x - 3062816 = -183*x + 1919872. What are the prime factors of x?
2, 3, 79
Suppose 3*i + i - 18664 = 9592. List the prime factors of i.
2, 883
List the prime factors of 2 + (-250747)/(-119) + 26/(-221).
3, 19, 37
Suppose 4*b - 84 = -4*j, 4*b + 2*j - 23 = 51. Suppose -b*c = -3*c - 2041. What are the prime factors of c?
157
Suppose 0 = 5*p - 2*l + 3612, 2*p + 1440 = -0*p - 4*l. Let w = p - -1046. What are the prime factors of w?
2, 3
Let w(r) = 502*r + 311. What are the prime factors of w(6)?
3323
Let d be (56/(-84))/(6/(-81)). What are the prime factors of 5 + 510 + -2 + d?
2, 3, 29
Suppose -2*z - 132*d + 48 = -128*d, -4*d = -5*z + 134. Let o = 108 + 12. Suppose -z*p = -23*p - o. List the prime factors of p.
2, 5
Let x be 17 - 1*(-10)/(-5). Suppose -x*m + 6*m = -1332. List the prime factors of m.
2, 37
Suppose 53*j - 280142 = 1423076 + 236529. What are the prime factors of j?
36599
Suppose -6*h + h - 10 = 0, 0 = p + h + 3. What are the prime factors of p/(-4) - (-39091)/52?
2, 47
Let a = 259 + 45. Let g = 618 - a. What are the prime factors of g?
2, 157
Let t be 50/(1 - 6/((-456)/(-68))). Suppose -773 = -5*a - p, -5*a + 2*a = -5*p - t. List the prime factors of a.
5, 31
Let u(z) = 5*z**2 + 10*z + 7. Let p = -13 - 2. Let a be u(p). Suppose 8*v - a = -334. List the prime factors of v.
3
Let w = 6192 + 3195. List the prime factors of w.
3, 7, 149
Let f be (-5 + (-25)/10)/(2/88). Let j = 507 + f. Suppose -5*l + j = p, 3*p = -2*l - 2*l + 575. List the prime factors of p.
197
Let w(a) = a**3 + 2*a**2 + 2*a + 721. Let v be 8 - 8/10*10. List the prime factors of w(v).
7, 103
Let b(f) = -f**2 + 6*f + 25. Let j = 6 - -8. Let r be b(j). Let w = r - -129. What are the prime factors of w?
2, 3, 7
Suppose 28*t - 24*t + 48 = 0. Let y be 31/4 + (-3)/t. Suppose 0 = -y*u + 740 + 588. What are the prime factors of u?
2, 83
Suppose q = 4*f + 8, -3*q - f - 17 = -2*q. Let w = 38 - q. Let m = 96 - w. List the prime factors of m.
2, 23
Let c = -257 - -250. Let t(v) = -v**3 - 7*v**2 - 10*v + 11. List the prime factors of t(c).
3
Suppose 2*j - 78141 = x, -95*j + 99*j - 156246 = -2*x. What are the prime factors of j?
2, 3, 17, 383
Let w be 17/(408/(-60)) + 587/(-2). What are the prime factors of (403/(-52))/(2/w)?
31, 37
Let o = 2835 + -1915. Suppose 3*g + r - 2 = 2, 0 = -g - 3*r - 4. Suppose 3*h - o = -g*h. List the prime factors of h.
2, 23
Let a = 548 + 476. Suppose g = 8*o - 3*o - 2526, 3*g = -2*o + a. List the prime factors of o.
2, 11, 23
Let c(i) = 762*i + 12410. What are the prime factors of c(-8)?
2, 7, 11, 41
Suppose 20*x + 3451 = 13*x. Let z = -468 - x. List the prime factors of z.
5
What are the prime factors of 513372/84 - (20/175)/(2/10)?
3, 7, 97
Suppose -3139028 = -51*d + 982027. List the prime factors of d.
3, 5, 5387
List the prime factors of (-25656)/(16/(1472/(-69))).
2, 1069
Let j(l) = -396*l - 2. Let h be j(-3). Suppose 0 = 5*d - h - 1614. Let n = 786 - d. List the prime factors of n.
2, 113
Suppose -3*n = 4*a - 67919, -113180 = 161*n - 166*n - 3*a. List the prime factors of n.
13, 1741
Let r(x) = -11*x**2 + 20*x - 10. Let g be r(7). Let a be 1 + 0 - (-5 - -633). Let j = g - a. List the prime factors of j.
2, 109
Suppose 4951 = 2*s - z - 44021, 4*z = 3*s - 73453. List the prime factors of s.
47, 521
Let f be (71*2*2)/(34/952). What are the prime factors of (f/(-21))/(1/(-3))?
2, 71
Suppose 40*h - 460814 = 224706. What are the prime factors of h?
2, 11, 19, 41
Suppose 6 - 30 = -6*n. Suppose 0*j = n*j + 2*m - 3344, 3*j = m + 2518. List the prime factors of j.
2, 419
Let r be -3*(-8 + 9) + 3. Let j(q) = 56*q + 447. What are the prime factors of j(r)?
3, 149
Suppose 57*d - 34*d - 633885 = -82*d. List the prime factors of d.
6037
Let t(i) = -i**3 + 11*i**2 - 3*i + 25. Let q be t(11). Let p(c) = -c**3 - 9*c**2 - 7*c + 1. Let s be p(q). Let g = s + 9. What are the prime factors of g?
2
Suppose 0 = -2*t + 5*x + 8571, 98*t = 101*t - 3*x - 12888. What are the prime factors of t?
13, 331
Let o = 12068 - 5742. List the prime factors of o.
2, 3163
Let z = -465 - -381. What are the prime factors of (z/8 + 1)/((-10)/260)?
13, 19
Let g be ((-96)/(-120))/((-2)/(-20)). Suppose 27146 = -g*x + 15*x. Suppose 18*d = 4*d + x. List the prime factors of d.
277
Let k(s) = s - 102*s**2 + 4 - 2*s + 141*s**2. Let l be k(-2). Suppose -108 = -5*y + l. List the prime factors of y.
2, 3
Let t be (-76016)/(-14) - (-30)/105. Suppose -t = -28*r + 15094. List the prime factors of r.
733
Let x(r) = -11*r - 1. Let f be x(0). List the prime factors of ((-10585)/15 + f)*(-24)/10.
2, 53
Let c = 228 + -225. Suppose -c*f + 1363 = -176. List the prime factors of f.
3, 19
Let o(c) = -280*c**3 - 5*c**2 - 21*c - 53. What are the prime factors of o(-3)?
5, 7, 43
List the prime factors of 1/(6 + (-104609)/17435).
5, 11, 317
Let q(d) = 20*d**2 - 14*d + 93. Let y(z) = 41*z**2 - 29*z + 182. Let a(w) = 5*q(w) - 2*y(w). What are the prime factors of a(7)?
29, 31
Suppose -2*i = 2*i - 3*k + 47, 2*i = k - 21. Let g be (-56)/(i/12*3). Suppose -241 + g = -3*v. List the prime factors of v.
71
Suppose -14*l + 44160 = -6*l + 8*l. What are the prime factors of l?
2, 3, 5, 23
What are the prime factors of -3*(1/2*(-42392)/84 + 3)?
2, 11, 17
Suppose 26*l = -6*l + 437255 + 694393. List the prime factors of l.
2, 3, 7, 421
Let c be -1 + (4 - (-2 - -5)). Suppose c = 5*d, -p - 10 = -6*p + 2*d. List the prime factors of (120/25)/(1/(15/p)).
2, 3
Let d be 3/9*(-4 - (-15 + 2)). Suppose -4*i + f = -1167, 864 = 5*i - 2*i - d*f. List the prime factors of i.
293
Let g = 32824 + 19817. What are the prime factors of g?
3, 5849
Let k be ((-12)/(-10))/((-34)/(-85)). Suppose 10 = -2*u + 6, 25 = k*p + u. List the prime factors of p.
3
Suppose -2*u = -4*v - 21543 - 1879, -3*u = 3*v - 35142. What are the prime factors of u?
13, 17, 53
Let y be ((-18)/(-8))/(-3)*(-6 + 2). Suppose 5*j = y*j - 6. List the prime factors of j + 195/3 - 4.
2, 29
Suppose 5*s + 5*a = 61250, 15*s + 12232 = 16*s - 5*a. What are the prime factors of s?
37, 331
Suppose -38014 = -3*k + 2*x, 8*x = 7*x + 1. List the prime factors of k.
2, 3, 11
Let q(s) = -470*s**2 + 247*s**2 - s + 237*s**2 + 2. Suppose 8 = -2*b, o + b + 7 = -0*o. What are the prime factors of q(o)?
131
Suppose 5*i = -64*d + 61*d + 22696, d - 2*i = 7547. List the prime factors of d.
3, 11, 229
List the prime factors of 662/993 - 7621/(-3).
3, 7, 11
Suppose -3*o + 325 = -2*o. Suppose -i - 108 - 62 = 0. Let p = i + o. What are the prime factors of p?
5, 31
Suppose 2 = -4*o - 2, 3*o + 3 = -4*s. Suppose c - 3*c + 8 = s. Suppose -z + 4*n = -24, -n = c*z - 42 - 20. What are the prime factors of z?
2
Suppose 9*s - 7*s + 34 = 0. Let f = 21 + s. Suppose 4*k + 2*x - 4*x = 342, -2*k - f*x = -156. What are the prime factors of k?
2, 3, 7
Suppose -3439 - 7181 = -2*k. Suppose 5*y = -4*y + k. What are the prime factors of y?
2, 5, 59
Let j be (5 - 6)/((-3)/27). Suppose -j*d = 1034 - 5804. List the prime factors of d.
2, 5, 53
Let o = -50 + -59. Let h = o - -174. List the prime factors of h.
5, 13
Suppose -i = -3*o + 31 + 21, 2*o - 158 = 4*i. Let f = i - -118. Suppose -6*x + f = -5*x. List the prime factors of x.
3
Let y(h) be the second derivative of -5*h**3/3 - 59*h**2/2 - 63*h. List the prime factors of y(-28).
13, 17
Suppose 12*z - 3136 = 4*z. Suppose 3*k + 2*b - 5*b + 294 = 0, 4*k + z = -3*b. Let n = k - -102. List the prime factors of n.
2
Let p = 419 - -871. List the prime factors of p.
2, 3, 5, 43
Let c(q) = 2*q + 15. Let n be c(5). Let k = 24 - n. What are the prime factors of 1*k/(-1) + 19?
2, 5
Let d = 74 + -70. Suppose 17 = d*a - 3. List the prime factors of 117 + (0/a)/(-5).
3, 13
Let n = -34 + 59. Suppose -27*a + 14 = -n*a. Suppose 5*k = a*k - 40. What are the prime factors of k?
2, 5
Let x(b) = -b**2 - b + 86. Suppose -3*p + 0 + 6 = 0. Suppose -p*t = -t. What are the prime factors of x(t)?
2, 43
Let s = -28672 + 41655. List the prime factors of s.
12983
Let i = 27968 + -16790. What are t